{"id":3,"date":"2025-04-26T11:13:46","date_gmt":"2025-04-26T09:13:46","guid":{"rendered":"http:\/\/golfette.be\/?page_id=3"},"modified":"2025-05-20T17:06:55","modified_gmt":"2025-05-20T15:06:55","slug":"politique-de-confidentialite","status":"publish","type":"page","link":"https:\/\/golfette.be\/index.php\/politique-de-confidentialite\/","title":{"rendered":"CGV"},"content":{"rendered":"\n<h2 class=\"wp-block-heading\">Conditions g\u00e9n\u00e9rales de location<\/h2>\n\n\n\n<p>Le conducteur de la voiturette de golf doit \u00eatre \u00e2g\u00e9 d&#8217;au moins 23 ans et poss\u00e9der un permis de conduire valide.<\/p>\n\n\n\n<p>Si vous le souhaitez, nous pouvons doter le panier d&#8217;un message publicitaire. Nous supprimerons l&#8217;expression gratuitement.<\/p>\n\n\n\n<p>La dur\u00e9e minimale de location est de 2 jours.<\/p>\n\n\n\n<p>Nous demandons une caution de 250 \u20ac. Lors de la location de plusieurs voiturettes de golf, une caution s\u00e9par\u00e9e sera convenue.<\/p>\n\n\n\n<p>Nous avons besoin d&#8217;une copie de votre pi\u00e8ce d&#8217;identit\u00e9, de votre permis de conduire et de votre inscription \u00e0 la BCE (pour les accords commerciaux).<\/p>\n\n\n\n<p>Le prix de la location et la caution doivent \u00eatre cr\u00e9dit\u00e9s sur notre compte avant le d\u00e9but de la p\u00e9riode de location.<\/p>\n\n\n\n<p>Contact\u00a0: Nanotica srl \u2013 Stadionstraat, 4 \u2013 8300 Knokke \u2013 TVA\u00a0: BE0753.734.936<\/p>\n","protected":false},"excerpt":{"rendered":"<p>Conditions g\u00e9n\u00e9rales de location Le conducteur de la voiturette de golf doit \u00eatre \u00e2g\u00e9 d&#8217;au moins 23 ans et poss\u00e9der un permis de conduire valide. Si vous le souhaitez, nous pouvons doter le panier d&#8217;un message publicitaire. Nous supprimerons l&#8217;expression gratuitement. La dur\u00e9e minimale de location est de 2 jours. Nous demandons une caution de [&hellip;]<\/p>\n","protected":false},"author":1,"featured_media":0,"parent":0,"menu_order":0,"comment_status":"closed","ping_status":"open","template":"","meta":{"footnotes":""},"class_list":["post-3","page","type-page","status-publish","hentry"],"_links":{"self":[{"href":"https:\/\/golfette.be\/index.php\/wp-json\/wp\/v2\/pages\/3","targetHints":{"allow":["GET"]}}],"collection":[{"href":"https:\/\/golfette.be\/index.php\/wp-json\/wp\/v2\/pages"}],"about":[{"href":"https:\/\/golfette.be\/index.php\/wp-json\/wp\/v2\/types\/page"}],"author":[{"embeddable":true,"href":"https:\/\/golfette.be\/index.php\/wp-json\/wp\/v2\/users\/1"}],"replies":[{"embeddable":true,"href":"https:\/\/golfette.be\/index.php\/wp-json\/wp\/v2\/comments?post=3"}],"version-history":[{"count":2,"href":"https:\/\/golfette.be\/index.php\/wp-json\/wp\/v2\/pages\/3\/revisions"}],"predecessor-version":[{"id":371,"href":"https:\/\/golfette.be\/index.php\/wp-json\/wp\/v2\/pages\/3\/revisions\/371"}],"wp:attachment":[{"href":"https:\/\/golfette.be\/index.php\/wp-json\/wp\/v2\/media?parent=3"}],"curies":[{"name":"wp","href":"https:\/\/api.w.org\/{rel}","templated":true}]}}